e 13, what is -3 + -66?
-69
In base 6, what is 2 - -503?
505
In base 8, what is -21 + 12?
-7
In base 2, what is 1011 + -1010010010?
-1010000111
In base 13, what is -1a5 + -2?
-1a7
In base 15, what is -1 + da?
d9
In base 11, what is 511 + -2?
50a
In base 6, what is -10 - -22424?
22414
In base 3, what is 100020 + -11?
100002
In base 3, what is -111 + -1001?
-1112
In base 4, what is -1 - -113300?
113233
In base 16, what is -184 - 5?
-189
In base 14, what is 2 + -a19?
-a17
In base 11, what is -5 + -3a76?
-3a80
In base 16, what is -32 + -1?
-33
In base 14, what is 113 - 4?
10d
In base 7, what is 10 - 63?
-53
In base 16, what is -32 - -59?
27
In base 6, what is -1022 - 0?
-1022
In base 7, what is -31 - 55?
-116
In base 16, what is -1 - 18?
-19
In base 10, what is -120 - 2?
-122
In base 3, what is 111 + -11?
100
In base 13, what is -373 - -3?
-370
In base 15, what is -1 + 1b6d?
1b6c
In base 4, what is 1332 + 0?
1332
In base 16, what is -4ba - 3?
-4bd
In base 6, what is -331 - 23?
-354
In base 15, what is -17 - 423?
-43a
In base 5, what is 132 - -1241?
1423
In base 13, what is -4 - 92?
-96
In base 9, what is -4 + -41?
-45
In base 12, what is 53 + 55?
a8
In base 3, what is 10 - -202?
212
In base 13, what is 3b5b + 2?
3b60
In base 5, what is 10 + 4420?
4430
In base 2, what is -11000100011 + 101?
-11000011110
In base 3, what is -1 + 112101?
112100
In base 6, what is 2 - 5140?
-5134
In base 3, what is 12222 - -12?
20011
In base 16, what is -baf - 3?
-bb2
In base 6, what is -4 + 1002?
554
In base 9, what is 4 - -1?
5
In base 4, what is -2301 + -2?
-2303
In base 5, what is -20114 - 11?
-20130
In base 10, what is -1549 - 2?
-1551
In base 15, what is 98 + -46?
52
In base 6, what is -3 + -522?
-525
In base 4, what is -10 - 131112?
-131122
In base 3, what is 121 + 11?
202
In base 7, what is -2 + -30?
-32
In base 12, what is 18 - -36?
52
In base 7, what is 3444 + -1?
3443
In base 10, what is 4 - 190?
-186
In base 10, what is -13 - -287?
274
In base 12, what is -36a9 - -1?
-36a8
In base 12, what is 1ab + 0?
1ab
In base 10, what is 195 + 1?
196
In base 2, what is -1001 + -11?
-1100
In base 12, what is -1 - 108a?
-108b
In base 10, what is 5 - 309?
-304
In base 12, what is 231 + 2?
233
In base 13, what is -1 + 1bab?
1baa
In base 5, what is 341 + -20?
321
In base 11, what is -3 - -305?
302
In base 3, what is 11 + 1102210?
1102221
In base 7, what is -33 - -45?
12
In base 13, what is 38 + 9?
44
In base 12, what is -16 - b2?
-108
In base 14, what is -3 - -37?
34
In base 15, what is -e5 - -b?
-d9
In base 14, what is -17a - -3?
-177
In base 14, what is -3 - 1c?
-21
In base 16, what is 1 + 18?
19
In base 3, what is 20001 + -22?
12202
In base 15, what is -2 + -41?
-43
In base 12, what is -14 + -1031?
-1045
In base 15, what is 4ab + -4?
4a7
In base 10, what is 5 - -55?
60
In base 10, what is -21 - -1?
-20
In base 13, what is -1011 + -1?
-1012
In base 11, what is 44 + 5?
49
In base 15, what is -36 - -c?
-29
In base 5, what is -402310 + -1?
-402311
In base 4, what is -3333 - 120?
-10113
In base 7, what is 144 + 3?
150
In base 8, what is 1 - -14204?
14205
In base 9, what is -7 - 3?
-11
In base 5, what is 0 - -113124?
113124
In base 13, what is -3 + cc?
c9
In base 4, what is -21 + 2203?
2122
In base 4, what is 20 - 10030?
-10010
In base 2, what is 111100101 + -1000?
111011101
In base 4, what is 1033323 + 1?
1033330
In base 7, what is -2 - 323?
-325
In base 7, what is 1446 + -1?
1445
In base 8, what is -2 + -2?
-4
In base 16, what is 52 + 94?
e6
In base 14, what is -31 + -26?
-57
In base 5, what is -22203 + -1?
-22204
In base 6, what is -432 + 2?
-430
In base 7, what is -311 + -65?
-406
In base 13, what is 64 + 7?
6b
In base 7, what is 6 + -1336?
-1330
In base 12, what is -1 - 635?
-636
In base 5, what is -1020 + 4?
-1011
In base 7, what is 0 - -144?
144
In base 9, what is 75 + -3?
72
In base 10, what is -30909 + 2?
-30907
In base 3, what is -11110 - -112?
-10221
In base 5, what is -1 - -20123?
20122
In base 11, what is -8 - -165?
158
In base 3, what is -10 - 1002?
-1012
In base 16, what is 4 + ac9?
acd
In base 4, what is -1 - -103?
102
In base 3, what is -11 - 2100210?
-2100221
In base 5, what is 3 + 3011?
3014
In base 8, what is 5 - -120?
125
In base 9, what is -17 + -33?
-51
In base 6, what is 15 - -3?
22
In base 2, what is -1011000 + 11000?
-1000000
In base 4, what is -130 + 0?
-130
In base 2, what is 10 + -1010100?
-1010010
In base 3, what is -2101 + 21?
-2010
In base 3, what is 1001 + 110?
1111
In base 14, what is 4 + 25d?
263
In base 9, what is -65 + 1?
-64
In base 8, what is 732 - 16?
714
In base 3, what is 111002 - -12?
111021
In base 3, what is -12021 - -2?
-12012
In base 8, what is -1261 + -4?
-1265
In base 3, what is -12 - 1112122?
-1112211
In base 12, what is -2b9 + 6?
-2b3
In base 4, what is 10 - 101222?
-101212
In base 6, what is 1 + -514?
-513
In base 12, what is 115 - 16a?
-55
In base 6, what is 22 + 4122?
4144
In base 12, what is 2 + 134?
136
In base 11, what is -891 + 5?
-887
In base 14, what is 35 + -14a?
-115
In base 14, what is 1 + -883?
-882
In base 12, what is -4b63 - 4?
-4b67
In base 6, what is -4 + 42314?
42310
In base 12, what is -48a - 7?
-495
In base 3, what is 1201 + -102?
1022
In base 13, what is -4 + -11?
-15
In base 2, what is -1100011011 - 1?
-1100011100
In base 9, what is 7 - -22?
30
In base 3, what is 1001 - -210?
1211
In base 16, what is -32 + -13?
-45
In base 2, what is -1100010 + 0?
-1100010
In base 16, what is 3 + -70?
-6d
In base 7, what is -4354 - 4?
-4361
In base 4, what is 2 - -1111?
1113
In base 12, what is -2 + -26?
-28
In base 10, what is 44 + 244?
288
In base 11, what is -1a - 308?
-327
In base 11, what is -2 - 160?
-162
In base 8, what is -255 + -4?
-261
In base 2, what is -10 - 10001?
-10011
In base 6, what is 1 - 11?
-10
In base 14, what is -1b5 + 5?
-1b0
In base 15, what is 2 + 151?
153
In base 12, what is 79 + 8?
85
In base 3, what is 112021 - 12?
112002
In base 11, what is 1aa - 2?
1a8
In base 14, what is -d - 3c?
-4b
In base 11, what is -5 - 20?
-25
In base 3, what is -10 + 111?
101
In base 12, what is -1 - 1b4?
-1b5
In base 4, what is 12 + 220?
232
In base 13, what is -200 + 3?
-1ca
In base 11, what is -335 - 4?
-339
In base 11, what is 74 + 141?
205
In base 13, what is -19 - -28?
c
In base 11, what is -4a - -2?
-48
In base 16, what is 5 + 3dd?
3e2
In base 2, what is -1001 + -1110110001?
-1110111010
In base 16, what is 9bc - -5?
9c1
In base 4, what is 101 - 3022?
-2321
In base 9, what is -2 - 10?
-12
In base 7, what is 332 - -5?
340
In base 15, what is -dd3 + 2?
-dd1
In base 13, what is 3957 - -1?
3958
In base 10, what is 11589 + 0?
11589
In base 5, what is 10112 + 3?
10120
In base 13, what is -25 - c?
-34
In base 5, what is 14 - 22?
-3
In base 15, what is 487 - 1?
486
In base 3, what is -100 - 20201?
-21001
In base 9, what is -1201 - 10?
-1211
In base 4, what is 2 - -1011?
1013
In base 13, what is -c8 + 9?
-bc
In base 5, what is 0 - -102?
102
In base 7, what is 3 - -315?
321
In base 3, what is -11 - 20221000?
-20221011
In base 8, what is 4 - -2713?
2717
In base 8, what is -3 + -3530?
-3533
In base 7, what is 2441 + -3?
2435
In base 7, what is -3 - 12?
-15
In base 2, what is 10100011 - -1000?
10101011
In base 2, what is -11 + -1001?
-1100
In base 9, what is 21 - 8?
12
In base 2, what is 10 + 1000010?
1000100
In base 15, what is -9a - 3?
-9d
In base 8, what is 4 + 540?
544
In base 15, what is 4 + 1c2?
1c6
In base 8, what is -6751 - -4?
-6745
In base 4, what is -23332 - 31?
-30023
In base 4, what is 1 - -2120?
2121
In base 10, what is -7 - 4?
-11
In base 8, what is -5 - 62?
-67
In base 11, what is 2 - 30?
-29
In base 3, what is 2112001 + 2?
2112010
In base 12, what is -2 + -59?
-5b
In base 14, what is -4 - -1668?
1664
In base 5, what is 22 - -1?
23
In base 6, what is 1015 - -11?
1030
In base 16, what is d - f?
-2
In base 15, what is 197e - 5?
1979
In base 14, what is 3 - -3cb?
3d0
In base 13, what is 8 - -3?
b
In base 9, what is 3 - 15?
-12
In base 11, what is 161 + -5?
157
In base 4, what is 13132 + 11?
13203
In base 8, what is -1 - -1032?
1031
In base 7, what is 501 + 0?
501
In base 13, what is -1 + -9?
-a
In base 9, what is -5 + 8721?
8715
In base 16, what is -3e + -a?
-48
In base 7, what is 5 + -1015?
-1010
In base 16